atest common divisor of 988 and 38?
38
What is the highest common divisor of 102 and 186303?
51
Calculate the highest common divisor of 485760 and 2400.
480
What is the greatest common factor of 98 and 110642?
98
Calculate the greatest common factor of 39 and 107003.
13
What is the highest common divisor of 17967 and 212?
53
Calculate the greatest common factor of 170 and 223750.
10
What is the greatest common factor of 92 and 197660?
4
What is the highest common divisor of 1216 and 214?
2
What is the highest common divisor of 21 and 34517?
7
What is the greatest common factor of 468550 and 200?
50
Calculate the greatest common divisor of 59657 and 1412.
353
Calculate the highest common divisor of 55261 and 365.
73
What is the greatest common divisor of 277218 and 189?
9
What is the highest common factor of 9465 and 30?
15
What is the greatest common divisor of 243 and 274347?
243
Calculate the highest common divisor of 391558 and 348.
58
Calculate the greatest common divisor of 38835 and 30.
15
Calculate the greatest common factor of 27787 and 27036.
751
Calculate the highest common divisor of 4450 and 1150.
50
What is the greatest common divisor of 28324 and 25220?
388
Calculate the greatest common divisor of 161 and 145243.
7
Calculate the highest common factor of 5075 and 95700.
725
What is the highest common factor of 1806 and 5019?
21
What is the highest common divisor of 12 and 10988?
4
Calculate the greatest common divisor of 15 and 106815.
15
Calculate the greatest common factor of 306 and 214506.
306
Calculate the highest common factor of 2 and 115683.
1
What is the highest common factor of 2656 and 12118?
166
Calculate the highest common divisor of 27 and 631089.
9
What is the greatest common factor of 1110472 and 88?
88
Calculate the greatest common divisor of 5705 and 280.
35
Calculate the highest common factor of 12 and 148032.
12
What is the greatest common divisor of 270 and 15310?
10
What is the greatest common divisor of 415 and 664?
83
Calculate the greatest common divisor of 1078 and 50568.
98
What is the highest common divisor of 12532 and 14?
2
Calculate the greatest common factor of 468 and 644488.
52
Calculate the highest common divisor of 102081 and 2583.
21
What is the highest common divisor of 26289 and 3175?
127
Calculate the greatest common factor of 25 and 276600.
25
What is the highest common divisor of 3016 and 3712?
232
Calculate the highest common divisor of 681603 and 39.
39
Calculate the highest common factor of 5924 and 64.
4
Calculate the highest common factor of 98237 and 5211.
193
What is the greatest common divisor of 1125824 and 686?
98
Calculate the highest common divisor of 662 and 2473232.
662
What is the highest common divisor of 1140 and 22296?
12
Calculate the highest common divisor of 295716 and 532.
76
Calculate the greatest common divisor of 644 and 39031.
23
Calculate the highest common factor of 648 and 13122.
162
Calculate the greatest common factor of 8451 and 39.
3
What is the greatest common divisor of 330 and 7080?
30
Calculate the highest common divisor of 29050 and 70.
70
Calculate the greatest common divisor of 41 and 59491.
41
What is the greatest common factor of 1177336 and 16?
8
What is the greatest common factor of 102960 and 1210?
110
What is the highest common factor of 6489 and 693?
63
Calculate the greatest common factor of 442896 and 300.
12
Calculate the greatest common factor of 1240 and 76136.
248
Calculate the highest common factor of 94425 and 225.
75
What is the highest common factor of 1134 and 690?
6
What is the highest common divisor of 2136 and 192?
24
Calculate the highest common factor of 240800 and 6300.
700
Calculate the highest common divisor of 2356 and 3648.
76
Calculate the highest common factor of 2808 and 7462.
26
Calculate the greatest common divisor of 4224 and 7568.
176
What is the greatest common divisor of 45696 and 49623?
357
Calculate the greatest common divisor of 328265 and 113.
113
What is the highest common divisor of 501 and 114061?
167
What is the greatest common factor of 4720 and 14000?
80
Calculate the greatest common factor of 80517 and 6.
3
What is the greatest common factor of 1286 and 14?
2
Calculate the greatest common factor of 1049090 and 490.
490
Calculate the highest common factor of 12 and 11068.
4
Calculate the highest common divisor of 44 and 393628.
4
What is the highest common factor of 6687 and 576?
9
Calculate the highest common factor of 5966 and 133.
19
What is the highest common factor of 3289 and 17963?
253
What is the highest common factor of 123 and 27470?
41
What is the greatest common factor of 8058 and 174?
6
Calculate the highest common divisor of 16 and 3470336.
16
Calculate the highest common divisor of 41256 and 504.
72
Calculate the greatest common divisor of 225038 and 15158.
1166
Calculate the highest common divisor of 817448 and 32.
8
What is the highest common factor of 3081 and 12493?
13
What is the highest common factor of 50 and 20630?
10
Calculate the greatest common divisor of 49913 and 111.
37
What is the highest common divisor of 408 and 304096?
136
What is the highest common factor of 16 and 726232?
8
What is the greatest common divisor of 5 and 16940?
5
What is the greatest common factor of 265 and 171455?
265
Calculate the greatest common factor of 224 and 12278.
14
Calculate the greatest common divisor of 301 and 187007.
43
Calculate the greatest common factor of 12 and 62058.
6
Calculate the greatest common factor of 7412 and 68612.
68
Calculate the greatest common divisor of 47 and 2424824.
47
What is the greatest common divisor of 56 and 1024472?
8
Calculate the highest common divisor of 224 and 5264.
112
What is the highest common factor of 5114116 and 1596?
532
Calculate the highest common factor of 6742 and 174.
2
Calculate the greatest common factor of 80 and 2875920.
80
What is the highest common factor of 761124 and 182?
182
Calculate the highest common factor of 230530 and 230.
10
What is the highest common divisor of 949 and 803?
73
What is the greatest common divisor of 18602 and 12314?
262
Calculate the highest common factor of 1383 and 12.
3
Calculate the highest common divisor of 16 and 414424.
8
What is the highest common divisor of 5952 and 3038?
62
What is the greatest common divisor of 7067 and 1628?
37
What is the highest common factor of 29302 and 9555?
637
Calculate the greatest common factor of 10643 and 734.
367
Calculate the highest common divisor of 4 and 5396.
4
What is the greatest common factor of 798 and 2401?
7
What is the greatest common factor of 110 and 743314?
22
Calculate the highest common factor of 3445 and 6175.
65
Calculate the highest common divisor of 1528 and 58446.
382
What is the highest common divisor of 28 and 14568?
4
What is the greatest common divisor of 8724 and 36?
12
What is the highest common factor of 6084 and 22752?
36
Calculate the greatest common factor of 22226 and 18.
2
What is the highest common factor of 2421 and 357501?
807
Calculate the greatest common divisor of 47652 and 22.
22
Calculate the greatest common divisor of 13392 and 726.
6
What is the greatest common factor of 1 and 59017?
1
Calculate the greatest common factor of 11397 and 30102.
87
Calculate the highest common factor of 116725 and 46.
23
Calculate the highest common factor of 60 and 214660.
20
Calculate the greatest common factor of 6973 and 2242.
19
Calculate the greatest common divisor of 480 and 46980.
60
Calculate the highest common divisor of 805 and 19481.
161
What is the greatest common divisor of 2717 and 118547?
143
What is the highest common factor of 28842 and 1320?
66
What is the greatest common divisor of 24 and 62844?
12
What is the greatest common divisor of 88 and 1027994?
22
Calculate the greatest common factor of 204 and 40086.
102
Calculate the highest common divisor of 2118580 and 2.
2
What is the greatest common factor of 48 and 61328?
16
Calculate the highest common factor of 1605 and 963.
321
What is the greatest common factor of 3332992 and 1024?
128
What is the greatest common divisor of 1358 and 112?
14
What is the greatest common factor of 2632 and 230629?
329
Calculate the greatest common factor of 714 and 5886573.
357
What is the gr